{"id":548,"date":"2018-09-20T09:44:52","date_gmt":"2018-09-20T07:44:52","guid":{"rendered":"http:\/\/wpress.ca.infn.it\/?page_id=548"},"modified":"2019-05-13T12:01:52","modified_gmt":"2019-05-13T10:01:52","slug":"sharper-night-2018","status":"publish","type":"page","link":"https:\/\/wpress.ca.infn.it\/?page_id=548","title":{"rendered":"SHARPER NIGHT 2018 &#8211; La Notte dei Ricercatori"},"content":{"rendered":"<p><img loading=\"lazy\" class=\"alignleft wp-image-444 size-large\" src=\"http:\/\/wpress.ca.infn.it\/wp-content\/uploads\/2018\/09\/Homepage-1024x605.jpg\" alt=\"\" width=\"1024\" height=\"605\" srcset=\"https:\/\/wpress.ca.infn.it\/wp-content\/uploads\/2018\/09\/Homepage-1024x605.jpg 1024w, https:\/\/wpress.ca.infn.it\/wp-content\/uploads\/2018\/09\/Homepage-300x177.jpg 300w, https:\/\/wpress.ca.infn.it\/wp-content\/uploads\/2018\/09\/Homepage-768x454.jpg 768w, https:\/\/wpress.ca.infn.it\/wp-content\/uploads\/2018\/09\/Homepage.jpg 2048w\" sizes=\"(max-width: 1024px) 100vw, 1024px\" \/><\/p>\n<p style=\"text-align: justify;\">E&#8217; tornata a Cagliari la\u00a0<strong>Notte dei Ricercatori,<\/strong>\u00a0l\u2019importante appuntamento europeo di incontro tra il mondo della ricerca ed i cittadini, e quest\u2019anno la Citt\u00e0 \u00e8 stata la vera protagonista con tantissimi eventi che hanno animato <strong>la centrale Piazza Garibaldi dal pomeriggio fino a tarda notte.<\/strong><\/p>\n<p>&nbsp;<\/p>\n<p style=\"text-align: justify;\"><a href=\"http:\/\/divulgazione.dsf.unica.it\/wp\/wp-content\/uploads\/2018\/08\/Italia_Sharper.jpg\" data-postid=\"fsg_post_2098\" data-imgid=\"2104\"><img loading=\"lazy\" class=\"wp-image-2104 size-medium alignright\" src=\"http:\/\/divulgazione.dsf.unica.it\/wp\/wp-content\/uploads\/2018\/08\/Italia_Sharper-259x300.jpg\" alt=\"italia_sharper\" width=\"259\" height=\"300\" \/><\/a>Cagliari partecipa al progetto\u00a0<strong>SHARPER<\/strong>,\u00a0un progetto nazionale che coinvolge anche Nuoro ed altre 10 citt\u00e0 in tutta Italia: Ancona,\u00a0Caserta, Catania, L\u2019Aquila, Macerata, Napoli, Palermo, Pavia, Perugia e Trieste.<\/p>\n<p style=\"text-align: justify;\"><strong>SHARPER<\/strong>\u00a0significa\u00a0<em>SHAring Researchers\u2019 Passions for Evidences and Resilience<\/em>\u00a0e ha l\u2019obiettivo di coinvolgere tutti i cittadini nella scoperta del mestiere di ricercatore e del ruolo che i ricercatori svolgono nel costruire il futuro della societ\u00e0 attraverso l\u2019indagine del mondo basata sui fatti, le osservazioni e l\u2019abilit\u00e0 nell\u2019adattarsi e interpretare contesti sociali e culturali sempre pi\u00f9 complessi e in continua evoluzione.<\/p>\n<p style=\"text-align: justify;\">SHARPER \u00e8 finanziato dalla Commissione Europea nel quadro delle Azioni Marie Sk\u0142odowska-Curie del programma Horizon 2020 ed \u00e8 coordinato a livello nazionale dalla societ\u00e0 di comunicazione scientifica\u00a0<strong>Psiquadro.\u00a0<\/strong><\/p>\n<p>In Sardegna SHARPER \u00e8 coordinato dalla\u00a0<strong>Sezione di Cagliari dell\u2019Istituto Nazionale di Fisica Nucleare<\/strong>\u00a0e coinvolge i\u00a0<strong>Comuni di Cagliari e Nuoro, l\u2019Universit\u00e0 di Cagliari, l\u2019INAF \u2013 Osservatorio Astronomico di Cagliari, Sardegna Ricerche, il CRS4, le associazioni\u00a0 Laboratorio Scienza, ScienzaSociet\u00e0Scienza e Sardegna Teatro.<img loading=\"lazy\" class=\"size-full wp-image-889 alignleft\" src=\"https:\/\/wpress.ca.infn.it\/wp-content\/uploads\/2018\/10\/ndr_2018_36-300x300.jpg\" alt=\"\" width=\"300\" height=\"300\" \/><\/strong><\/p>\n<p>Oltre che nella Piazza Garibaldi, l\u2019evento si \u00e8 svolto anche in altre sedi della Citt\u00e0:\u00a0con\u00a0l\u2019OpenLab \u201cDal bianco e nero al colore\u201d presso la\u00a0<strong>Clinica Dermatologica del San Giovanni di Dio<\/strong>,\u00a0le visite guidate al\u00a0<strong>Rettorato, alla collezione Piloni, all\u2019Archivio storico e alla sala Settecentesca della Biblioteca<\/strong>. <img loading=\"lazy\" class=\"wp-image-886 alignright\" src=\"https:\/\/wpress.ca.infn.it\/wp-content\/uploads\/2018\/10\/ndr_2018_8-1.jpg\" alt=\"\" width=\"314\" height=\"236\" \/>Ma anche con un t<strong>rekking scientifico<\/strong>\u00a0alla scoperta delle personalit\u00e0 del nostro mondo culturale nel rione in Castello e a Marina Piccola, dove l\u2019auditorium del porticciolo ha ospita il\u00a0<strong>Progetto Neptune<\/strong>\u00a0sul monitoraggio e la gestione spiagge del golfo di Cagliari. Ed infine\u00a0con \u201c<strong>Un mare di stelle<\/strong>\u201d e\u00a0lo \u201c<strong>Star party<\/strong>\u201d curati dall\u2019Osservatorio Astronomico di Cagliari si \u00e8 conclusa la serata sotto le stelle\u00a0presso la\u00a0<strong>Societ\u00e0 Canottieri Ichnusa<\/strong>.<\/p>\n<p>Il successo dell\u2019evento \u00e8 frutto di tre mesi di lavori organizzativi curati dalla\u00a0<strong>Sezione di Cagliari dell\u2019Istituto Nazionale di Fisica Nucleare<\/strong>\u00a0capofila dell\u2019iniziativa con il\u00a0<strong>Dipartimento di Fisica<\/strong>\u00a0e la\u00a0<strong>Direzione Ricerca dell\u2019Universit\u00e0 di Cagliari.\u00a0<img loading=\"lazy\" class=\"wp-image-887 alignleft\" src=\"https:\/\/wpress.ca.infn.it\/wp-content\/uploads\/2018\/10\/ndr_2018_13.jpg\" alt=\"\" width=\"504\" height=\"378\" \/><\/strong>Ad arricchire la serata di\u00a0contenuti c\u2019erano i tanti ricercatori universitari\u00a0dei nove dipartimenti coinvolti e i tanti partner di Sharper:\u00a0<strong>l\u2019INAF con l\u2019Osservatorio Astronomico di Cagliari, il CRS4, il 10Lab di Sardegna Ricerche, Scienza Societ\u00e0 Scienza, Laboratorio Scienza, l\u2019Associazione IDEAS, la Polizia Scientifica, i Vigili del fuoco,\u00a0i Ris-Carabinieri e il CTM<\/strong>.<\/p>\n<p>&nbsp;<\/p>\n<p>Un supporto straordinario \u00e8 stato fornito dai 10 studenti volontari del\u00a0<strong>Corso Magistrale in Fisica<\/strong>\u00a0e da oltre 20 studenti<strong>dell\u2019Istituto Superiore De Sanctis Deledda<\/strong>\u00a0che grazie ad un progetto di Alternanza Scuola Lavoro hanno rappresentato lo\u00a0<strong>STAFF<\/strong>\u00a0di riferimento per il pubblico, gestendo l\u2019Info Point, guidando il pubblico tra i gazebo e omaggiando i tantissimi bambini presenti con i gadget di SHARPER che potevano essere ritirati\u00a0 al completamento della Night Card\u00a0con i \u201cgufetti-bollino\u201d ottenuti visitando gli stand.<\/p>\n<p><img loading=\"lazy\" class=\"alignnone size-full wp-image-890\" src=\"https:\/\/wpress.ca.infn.it\/wp-content\/uploads\/2018\/10\/ndr_2018_19.jpg\" alt=\"\" width=\"802\" height=\"602\" \/><\/p>\n<p>&nbsp;<\/p>\n<p>&nbsp;<\/p>\n","protected":false},"excerpt":{"rendered":"<p>E&#8217; tornata a Cagliari la\u00a0Notte dei Ricercatori,\u00a0l\u2019importante appuntamento europeo di incontro tra il mondo della ricerca ed i cittadini, e quest\u2019anno la Citt\u00e0 \u00e8 stata la vera protagonista con tantissimi eventi che hanno animato la centrale Piazza Garibaldi dal pomeriggio fino a tarda notte. &nbsp; Cagliari partecipa al progetto\u00a0SHARPER,\u00a0un progetto nazionale che coinvolge anche Nuoro [&hellip;]<\/p>\n","protected":false},"author":5,"featured_media":444,"parent":0,"menu_order":0,"comment_status":"closed","ping_status":"closed","template":"","meta":{"_editorskit_title_hidden":false,"_editorskit_reading_time":0,"_editorskit_is_block_options_detached":false,"_editorskit_block_options_position":"{}"},"_links":{"self":[{"href":"https:\/\/wpress.ca.infn.it\/index.php?rest_route=\/wp\/v2\/pages\/548"}],"collection":[{"href":"https:\/\/wpress.ca.infn.it\/index.php?rest_route=\/wp\/v2\/pages"}],"about":[{"href":"https:\/\/wpress.ca.infn.it\/index.php?rest_route=\/wp\/v2\/types\/page"}],"author":[{"embeddable":true,"href":"https:\/\/wpress.ca.infn.it\/index.php?rest_route=\/wp\/v2\/users\/5"}],"replies":[{"embeddable":true,"href":"https:\/\/wpress.ca.infn.it\/index.php?rest_route=%2Fwp%2Fv2%2Fcomments&post=548"}],"version-history":[{"count":11,"href":"https:\/\/wpress.ca.infn.it\/index.php?rest_route=\/wp\/v2\/pages\/548\/revisions"}],"predecessor-version":[{"id":1983,"href":"https:\/\/wpress.ca.infn.it\/index.php?rest_route=\/wp\/v2\/pages\/548\/revisions\/1983"}],"wp:featuredmedia":[{"embeddable":true,"href":"https:\/\/wpress.ca.infn.it\/index.php?rest_route=\/wp\/v2\/media\/444"}],"wp:attachment":[{"href":"https:\/\/wpress.ca.infn.it\/index.php?rest_route=%2Fwp%2Fv2%2Fmedia&parent=548"}],"curies":[{"name":"wp","href":"https:\/\/api.w.org\/{rel}","templated":true}]}}