{"id":526,"date":"2018-09-19T12:46:20","date_gmt":"2018-09-19T10:46:20","guid":{"rendered":"http:\/\/wpress.ca.infn.it\/?page_id=526"},"modified":"2025-03-05T17:04:36","modified_gmt":"2025-03-05T16:04:36","slug":"masterclass-infn","status":"publish","type":"page","link":"https:\/\/wpress.ca.infn.it\/?page_id=526","title":{"rendered":"Masterclass INFN"},"content":{"rendered":"\n<div class=\"wp-block-image is-style-rounded\"><figure class=\"aligncenter size-large is-resized\"><img loading=\"lazy\" src=\"https:\/\/wpress.ca.infn.it\/wp-content\/uploads\/2021\/01\/masterclass_particlephysics-1024x576.jpg\" alt=\"\" class=\"wp-image-3020\" width=\"542\" height=\"304\" srcset=\"https:\/\/wpress.ca.infn.it\/wp-content\/uploads\/2021\/01\/masterclass_particlephysics-1024x576.jpg 1024w, https:\/\/wpress.ca.infn.it\/wp-content\/uploads\/2021\/01\/masterclass_particlephysics-300x169.jpg 300w, https:\/\/wpress.ca.infn.it\/wp-content\/uploads\/2021\/01\/masterclass_particlephysics-768x432.jpg 768w, https:\/\/wpress.ca.infn.it\/wp-content\/uploads\/2021\/01\/masterclass_particlephysics-1536x864.jpg 1536w, https:\/\/wpress.ca.infn.it\/wp-content\/uploads\/2021\/01\/masterclass_particlephysics-2048x1152.jpg 2048w\" sizes=\"(max-width: 542px) 100vw, 542px\" \/><\/figure><\/div>\n\n\n\n<div class=\"wp-block-group\"><div class=\"wp-block-group__inner-container\">\n<p>Il <strong>Dipartimento di Fisica dell\u2019Universit\u00e0 di Cagliari<\/strong>\u00a0e la\u00a0<strong>Sezione di Cagliari dell\u2019Istituto Nazionale di Fisica Nucleare <\/strong>con il contributo del <strong>Piano Lauree Scientifiche del Dipartimento di Fisica<\/strong> hanno deciso di proporre anche quest\u2019anno le <strong><em>Masterclasses in Particle Physics<\/em><\/strong>, un evento ormai consolidato al quale prendono parte annualmente circa 13 mila studenti delle scuole secondarie di 60 nazioni in diversi continenti.<\/p>\n<p>L\u2019evento consiste nel permettere a studenti e studentesse frequentanti l\u2019ultimo biennio delle scuole superiori\u00a0di effettuare una misura nel campo della fisica delle particelle elementari, utilizzando dati reali, ottenuti per esempio nei rivelatori installati all\u2019acceleratore LHC del Centro Europeo per la Ricerca Nucleare (CERN) di Ginevra, con l\u2019assistenza di giovani ricercatori\/rici e di programmi software specificamente progettati per rendere l\u2019esperienza semplice ed accattivante. I risultati ottenuti saranno discussi e presentati dagli studenti e dalle studentesse in collegamento audio\/video con il CERN ed altri partecipanti.<\/p>\n<p><strong>Edizione 202<\/strong><strong>5<\/strong><\/p>\n<p>Sono circa 120 le studentesse e gli studenti delle scuole superiori sarde che l\u2019<strong>11<\/strong><strong> e il 24 <\/strong><strong>febbraio<\/strong> e il <strong>3 marzo<\/strong> potranno fare esperienza diretta di come funzionano le ricerche del CERN grazie all\u2019iniziativa internazionale <strong>Masterclass<\/strong>, coordinata in Italia dall\u2019<strong>Istituto Nazionale di Fisica Nucleare<\/strong> (INFN) e realizzata in collaborazione con l\u2019<strong>Universit\u00e0 di Cagliari<\/strong>. Le ragazze e i ragazzi, contemporaneamente ai loro coetanei in altri paesi del mondo, saranno accompagnati in un viaggio alla scoperta delle propriet\u00e0 delle particelle, esplorando i segreti di LHC (Large Hadron Collider) del CERN di Ginevra, l\u2019acceleratore di particelle di 27 km a 100 metri di profondit\u00e0 sottoterra dove le particelle si scontrano quasi alla velocit\u00e0 della luce e nel luglio 2012 \u00e8 stato scoperto l\u2019ormai celebre bosone di Higgs.<\/p>\n<p>Il programma prevede lezioni e seminari sugli argomenti fondamentali della fisica delle alte energie, seguite da esercitazioni al computer su uno degli esperimenti dell\u2019acceleratore di particelle LHC. In particolare, le ragazze e i ragazzi della Sardegna analizzeranno i dati provenienti dagli <strong>esperimenti LHCb e ALICE<\/strong>.<br \/>Alla fine di ogni giornata, proprio come in una vera collaborazione di ricerca internazionale, ci sar\u00e0 un collegamento in videoconferenza tra i\/le giovani partecipanti alle Masterclass di tutto il mondo per discutere insieme i risultati emersi dalle esercitazioni.<\/p>\n<p>L\u2019iniziativa, giunta alla <strong>21<\/strong><strong>\u00b0 edizione<\/strong>, fa parte delle Masterclass internazionali organizzate da <strong>IPPOG<\/strong> (International Particle Physics Outreach Group) e, in Italia, dall\u2019INFN. Le Masterclass si svolgono contemporaneamente in <strong>60 diversi paesi<\/strong>, coinvolgono <strong>oltre 200 tra i pi\u00f9 prestigiosi enti <\/strong>di ricerca e universit\u00e0 del mondo e <strong>pi\u00f9 di 13.000 studenti<\/strong><strong> e studentesse<\/strong> delle scuole secondarie di II grado.<\/p>\n<p><strong>Contatti locali:<\/strong> Dipartimento di Fisica dell\u2019Universit\u00e0, Cittadella Universitaria di Monserrato, 09042 Monserrato (Cagliari) &#8211; Francesca Dordei e Viviana Fanti.<\/p>\n<p><strong>Informazioni sulle Masterclass:<\/strong><\/p>\n<ul>\n<li>Masterclass italiane: <a href=\"http:\/\/masterclass.infn.it\/\">http:\/\/masterclass.infn.it\/<\/a>\u00a0<\/li>\n<li>Masterclass internazionali: <a href=\"http:\/\/physicsmasterclasses.org\/neu\/\">http:\/\/physicsmasterclasses.org\/neu\/<\/a><\/li>\n<\/ul>\n<\/div><\/div>\n","protected":false},"excerpt":{"rendered":"","protected":false},"author":6,"featured_media":0,"parent":0,"menu_order":0,"comment_status":"closed","ping_status":"closed","template":"","meta":{"_editorskit_title_hidden":false,"_editorskit_reading_time":3,"_editorskit_is_block_options_detached":false,"_editorskit_block_options_position":"{}"},"_links":{"self":[{"href":"https:\/\/wpress.ca.infn.it\/index.php?rest_route=\/wp\/v2\/pages\/526"}],"collection":[{"href":"https:\/\/wpress.ca.infn.it\/index.php?rest_route=\/wp\/v2\/pages"}],"about":[{"href":"https:\/\/wpress.ca.infn.it\/index.php?rest_route=\/wp\/v2\/types\/page"}],"author":[{"embeddable":true,"href":"https:\/\/wpress.ca.infn.it\/index.php?rest_route=\/wp\/v2\/users\/6"}],"replies":[{"embeddable":true,"href":"https:\/\/wpress.ca.infn.it\/index.php?rest_route=%2Fwp%2Fv2%2Fcomments&post=526"}],"version-history":[{"count":12,"href":"https:\/\/wpress.ca.infn.it\/index.php?rest_route=\/wp\/v2\/pages\/526\/revisions"}],"predecessor-version":[{"id":3768,"href":"https:\/\/wpress.ca.infn.it\/index.php?rest_route=\/wp\/v2\/pages\/526\/revisions\/3768"}],"wp:attachment":[{"href":"https:\/\/wpress.ca.infn.it\/index.php?rest_route=%2Fwp%2Fv2%2Fmedia&parent=526"}],"curies":[{"name":"wp","href":"https:\/\/api.w.org\/{rel}","templated":true}]}}