{"id":2925,"date":"2020-10-08T18:04:26","date_gmt":"2020-10-08T16:04:26","guid":{"rendered":"https:\/\/wpress.ca.infn.it\/?page_id=2925"},"modified":"2022-03-02T15:59:14","modified_gmt":"2022-03-02T14:59:14","slug":"artscience-across-italy","status":"publish","type":"page","link":"https:\/\/wpress.ca.infn.it\/?page_id=2925","title":{"rendered":"Art&#038;Science Across Italy"},"content":{"rendered":"\n<p><em>\u00c8 partita la terza edizione di Art&amp;Science Across Italy, il progetto di divulgazione della scienza attraverso il linguaggio dell&#8217;arte<\/em>.<\/p>\n\n\n\n<div class=\"wp-block-image\"><figure class=\"aligncenter size-large is-resized\"><img loading=\"lazy\" src=\"https:\/\/wpress.ca.infn.it\/wp-content\/uploads\/2022\/02\/logoAS_2020_colori-blu-1024x1024.png\" alt=\"\" class=\"wp-image-3266\" width=\"298\" height=\"298\" srcset=\"https:\/\/wpress.ca.infn.it\/wp-content\/uploads\/2022\/02\/logoAS_2020_colori-blu-1024x1024.png 1024w, https:\/\/wpress.ca.infn.it\/wp-content\/uploads\/2022\/02\/logoAS_2020_colori-blu-300x300.png 300w, https:\/\/wpress.ca.infn.it\/wp-content\/uploads\/2022\/02\/logoAS_2020_colori-blu-150x150.png 150w, https:\/\/wpress.ca.infn.it\/wp-content\/uploads\/2022\/02\/logoAS_2020_colori-blu-768x768.png 768w, https:\/\/wpress.ca.infn.it\/wp-content\/uploads\/2022\/02\/logoAS_2020_colori-blu-1536x1536.png 1536w, https:\/\/wpress.ca.infn.it\/wp-content\/uploads\/2022\/02\/logoAS_2020_colori-blu-2048x2048.png 2048w\" sizes=\"(max-width: 298px) 100vw, 298px\" \/><\/figure><\/div>\n\n\n\n<p>Il progetto \u201c<strong><a rel=\"noreferrer noopener\" href=\"https:\/\/artandscience.infn.it\/\" target=\"_blank\">Art&amp;Science Across Italy<\/a><\/strong>\u201d \u00e8 organizzato dall\u2019 <strong>Istituto Nazionale di Fisica Nucleare<\/strong> e dal <strong>CERN di Ginevra<\/strong> e fa parte del network Europeo <strong>CREATIONS (H2020)<\/strong>. Lo scopo principale di Art&amp;Science \u00e8 quello di avvicinare tutti gli studenti, indipendentemente dalla loro propensione per le materie scientifiche e dalle loro conoscenze iniziali, al mondo della scienza e della ricerca scientifica <strong>usando l\u2019arte come mezzo di comunicazione universale<\/strong>. Sar\u00e0 infatti proprio l\u2019arte il linguaggio attraverso il quale si stabilir\u00e0 la comunicazione tra il mondo della scienza e della ricerca e quello della Scuola, con gli studenti che rappresentano i possibili scienziati, artisti del futuro o, semplicemente, la nuova generazione di cittadini consapevoli.<\/p>\n\n\n\n<p>Il progetto si svolge in tutta Italia e giunge per la prima volta in Sardegna nel 2020, dove \u00e8 coordinato dalla<strong> sezione di Cagliari dell&#8217;INFN<\/strong> con la collaborazione del <strong>Dipartimento di Fisica e del Piano Lauree Scientifiche Fisica dell&#8217;Universit\u00e0 di Cagliari<\/strong>. \u00c8 rivolto agli studenti del <strong>terzo e quarto anno dei licei classici, scientifici ed artistici e degli istituti tecnici e ha una durata biennale (ottobre 2020 \u2013 maggio 2022)<\/strong>. La prima parte del progetto \u00e8 rivolta alla formazione dei ragazzi mentre nella seconda parte, gruppi di lavoro di 3 studenti, saranno chiamati a progettare e realizzare una composizione artistica su uno dei temi scientifici trattati durante il primo anno. Le migliori composizioni saranno poi esposte in una mostra locale che si terr\u00e0 in ognuna delle sedi partecipanti e le migliori 5 composizioni di ogni tappa saranno ammesse alla fase nazionale che si terr\u00e0 nel mese di maggio 2022 a Napoli.<\/p>\n\n\n\n<p>La tappa sarda vede la partecipazione di 24 tra studenti e studentesse dagli Istituti &#8220;Dettori&#8221; di Tempio Pausania e &#8220;Asproni&#8221; di Nuoro. Marted\u00ec <strong>15 febbraio 2022<\/strong> alle ore 17:30 sar\u00e0 <a href=\"https:\/\/wpress.ca.infn.it\/?p=3304\" target=\"_blank\" aria-label=\"inaugurata la mostra locale sarda (opens in a new tab)\" rel=\"noreferrer noopener\" class=\"ek-link\">inaugurata la mostra locale sarda<\/a> presso il <strong>TEN &#8211; Teatro Eliseo Nuoro<\/strong>, in via Roma 73. Le migliori opere saranno premiate il 26 febbraio 2022 dalle 17:30 durante un evento di divulgazione scientifica presso il TEN. La mostra \u00e8 organizzata in collaborazione con il <strong>Dipartimento di Fisica<\/strong> e il <strong>PLS Fisica dell&#8217;Universit\u00e0 di Cagliari<\/strong>, il <strong>TEN &#8211; Teatro Eliseo Nuoro<\/strong>, il <strong>Comune di Nuoro<\/strong> e <strong>Europe Direct Nuoro<\/strong>. <\/p>\n\n\n\n<p>Gli studenti vincitori della competizione artistica\/scientifica nazionale che conclude il progetto, selezionati da un comitato internazionale di esperti, saranno invitati a partecipare ad un <strong>master sul tema arte e scienza, che si terr\u00e0 a settembre 2022 presso i laboratori del CERN di Ginevra e\/o presso altri laboratori nazionali<\/strong>. Tutti i vincitori riceveranno una borsa di studio, conferita dagli Enti patrocinanti e dagli sponsor del progetto, che servir\u00e0 a coprire il costo del master e la maggior parte delle spese accessorie.<\/p>\n\n\n\n<p>Tutte le ore di attivit\u00e0 svolte dagli studenti, sia durante la fase divulgativa che durante quella creativa e museale, potranno essere conteggiate come <strong>PCTO o ex alternanza Scuola-Lavoro (Legge 107\/2015)<\/strong> seguendo le normative dell\u2019accordo stipulato tra la scuola e la Sezione locale dell\u2019INFN.<\/p>\n\n\n\n<p>Il progetto \u00e8 stato ideato e proposto nel 2016 da Pierluigi Paolucci (Napoli), A. Alexopoulos (CERN) e M. Hoch (CMS). Il Responsabile Nazionale del progetto \u00e8 Pierluigi Paolucci (Napoli). Il Comitato Scientifico \u00e8 composto da D. Menasce (Milano), M. Michelotto (Padova), S. Paoletti (Firenze), E. Fedi (Firenze), P. Paolucci (Napoli), F. Scianitti (Uff. Comm. Presidenza INFN) e Sascha Schmelling (CERN).<\/p>\n\n\n\n<p>Segui il progetto anche su <a rel=\"noreferrer noopener\" href=\"https:\/\/www.facebook.com\/artandscienceacrossitaly\/\" target=\"_blank\">Facebook<\/a> e <a rel=\"noreferrer noopener\" href=\"http:\/\/www.instagram.com\/artandscienceacrossitaly\" target=\"_blank\">Instagram<\/a>.<\/p>\n\n\n\n<div class=\"wp-block-image\"><figure class=\"aligncenter size-large is-resized\"><img loading=\"lazy\" src=\"https:\/\/wpress.ca.infn.it\/wp-content\/uploads\/2022\/02\/locandina_web-1-724x1024.png\" alt=\"\" class=\"wp-image-3310\" width=\"316\" height=\"447\" srcset=\"https:\/\/wpress.ca.infn.it\/wp-content\/uploads\/2022\/02\/locandina_web-1-724x1024.png 724w, https:\/\/wpress.ca.infn.it\/wp-content\/uploads\/2022\/02\/locandina_web-1-212x300.png 212w, https:\/\/wpress.ca.infn.it\/wp-content\/uploads\/2022\/02\/locandina_web-1-768x1086.png 768w, https:\/\/wpress.ca.infn.it\/wp-content\/uploads\/2022\/02\/locandina_web-1-1086x1536.png 1086w, https:\/\/wpress.ca.infn.it\/wp-content\/uploads\/2022\/02\/locandina_web-1.png 1240w\" sizes=\"(max-width: 316px) 100vw, 316px\" \/><figcaption>Locandina della mostra sarda di Art&amp;Science Across Italy<\/figcaption><\/figure><\/div>\n\n\n\n<h2>Edizione 2020 &#8211; 2022 <\/h2>\n\n\n\n<p>Si \u00e8 conclusa la prima edizione di Art&amp;Science Across Italy in Sardegna. La mostra sarda ha visto la partecipazione di <strong>24 studenti e studentesse<\/strong> delle classi quarta e quinta degli <strong>istituti &#8220;Dettori&#8221; di Tempio Pausania e &#8220;Asproni&#8221; di Nuoro<\/strong>. La mostra ha avuto luogo al <strong>Teatro Eliseo di Nuoro<\/strong> dal <strong>15 al 26 febbraio<\/strong> e sono state esposte <strong>8 opere<\/strong><\/p>\n\n\n\n<div class=\"wp-block-columns\">\n<div class=\"wp-block-column\" style=\"flex-basis:100%\">\n<div class=\"wp-block-group\"><div class=\"wp-block-group__inner-container\">\n<div class=\"wp-block-columns\">\n<div class=\"wp-block-column\" style=\"flex-basis:100%\">\n<div class=\"wp-block-group\"><div class=\"wp-block-group__inner-container\">\n<div class=\"wp-block-columns\">\n<div class=\"wp-block-column\" style=\"flex-basis:100%\">\n<div class=\"wp-block-image\"><figure class=\"aligncenter size-large is-resized\"><img loading=\"lazy\" src=\"https:\/\/wpress.ca.infn.it\/wp-content\/uploads\/2022\/03\/AFA49D8F-8175-48F1-9EF0-AC37FF2C8B9C-1024x772.jpg\" alt=\"\" class=\"wp-image-3342\" width=\"480\" height=\"361\" srcset=\"https:\/\/wpress.ca.infn.it\/wp-content\/uploads\/2022\/03\/AFA49D8F-8175-48F1-9EF0-AC37FF2C8B9C-1024x772.jpg 1024w, https:\/\/wpress.ca.infn.it\/wp-content\/uploads\/2022\/03\/AFA49D8F-8175-48F1-9EF0-AC37FF2C8B9C-300x226.jpg 300w, https:\/\/wpress.ca.infn.it\/wp-content\/uploads\/2022\/03\/AFA49D8F-8175-48F1-9EF0-AC37FF2C8B9C-768x579.jpg 768w, https:\/\/wpress.ca.infn.it\/wp-content\/uploads\/2022\/03\/AFA49D8F-8175-48F1-9EF0-AC37FF2C8B9C.jpg 1085w\" sizes=\"(max-width: 480px) 100vw, 480px\" \/><figcaption>La mostra di Art&amp;Science Sardegna al TEN di Nuoro<\/figcaption><\/figure><\/div>\n<\/div>\n<\/div>\n<\/div><\/div>\n\n\n\n<p>Le opere esposte sono state le seguenti<\/p>\n\n\n\n<ul><li>&#8220;<strong>Il DNA nell&#8217;arte<\/strong>&#8221; del gruppo &#8220;I Ramens&#8221; con Mara Pitzolu, Daniele Addis, Francesco Masu dell&#8217;Istituto &#8220;Dettori&#8221; di Tempio Pausania<\/li><li>&#8220;<strong>Filo di luce<\/strong>&#8221; del gruppo &#8220;Le ecologiste&#8221; con Margherita Scanu, Valentina Mele dell&#8217;Istituto &#8220;Dettori&#8221; di Tempio Pausania<\/li><li>&#8220;<strong>La flora di Avalon<\/strong>&#8221; del gruppo &#8220;Arcadia&#8221; con Gian Carlo Asara, Francesco di Giacomo, Daniele Cataldo dell&#8217;Istituto &#8220;Dettori&#8221; di Tempio Pausania<\/li><li>&#8220;<strong>Il tempo di(sco)sto(rre)rto<\/strong>&#8221; del gruppo &#8220;Once upon an atom&#8221; con Giovanna Corraine, Margherita Pisanu, Giovanni Curreli dell&#8217;Istituto &#8220;Asproni&#8221; di Nuoro <\/li><li>&#8220;<strong>Lampi di Umanit\u00e0<\/strong>&#8221; del gruppo &#8220;Il terzo triumvirato&#8221; con Pietro Falconi, Alessandro Canu, Francesco Podda dell&#8217;Istituto &#8220;Asproni&#8221; di Nuoro<\/li><li>&#8220;<strong>La bellezza nel cammino<\/strong>&#8221; del gruppo &#8220;The big eros theory&#8221; con Claudia Tuveri, Chiara Mazzette, Gabriele Mastia dell&#8217;Istituto &#8220;Asproni&#8221; di Nuoro<\/li><li>&#8220;<strong>Uno sguardo oltre il visibile<\/strong>&#8221; del gruppo &#8220;Atomisti distratti&#8221; con Fabrizio Soddu, Lorenzo Bellavia, Luca Gostinicchi dell&#8217;Istituto &#8220;Asproni&#8221; di Nuoro<\/li><li>&#8220;<strong>Guardare dentro l\u2019anomalia (la foto(radio)grafia come sguardo oltre il visibile)<\/strong>&#8221; del gruppo &#8220;Science Watchers&#8221; con Miriam Mameli, Salvatore Meloni, Salvatore Mereu dell&#8217;Istituto &#8220;Asproni&#8221; di Nuoro<\/li><\/ul>\n\n\n\n<figure class=\"wp-block-gallery columns-3 is-cropped\"><ul class=\"blocks-gallery-grid\"><li class=\"blocks-gallery-item\"><figure><img loading=\"lazy\" width=\"733\" height=\"1024\" src=\"https:\/\/wpress.ca.infn.it\/wp-content\/uploads\/2022\/03\/anomalia-16.33.38-733x1024.jpg\" alt=\"\" data-id=\"3331\" data-full-url=\"https:\/\/wpress.ca.infn.it\/wp-content\/uploads\/2022\/03\/anomalia-16.33.38.jpg\" data-link=\"https:\/\/wpress.ca.infn.it\/?attachment_id=3331\" class=\"wp-image-3331\" srcset=\"https:\/\/wpress.ca.infn.it\/wp-content\/uploads\/2022\/03\/anomalia-16.33.38-733x1024.jpg 733w, https:\/\/wpress.ca.infn.it\/wp-content\/uploads\/2022\/03\/anomalia-16.33.38-215x300.jpg 215w, https:\/\/wpress.ca.infn.it\/wp-content\/uploads\/2022\/03\/anomalia-16.33.38-768x1072.jpg 768w, https:\/\/wpress.ca.infn.it\/wp-content\/uploads\/2022\/03\/anomalia-16.33.38.jpg 823w\" sizes=\"(max-width: 733px) 100vw, 733px\" \/><\/figure><\/li><li class=\"blocks-gallery-item\"><figure><img loading=\"lazy\" width=\"1024\" height=\"527\" src=\"https:\/\/wpress.ca.infn.it\/wp-content\/uploads\/2022\/03\/Atomisti-1024x527.png\" alt=\"\" data-id=\"3332\" data-full-url=\"https:\/\/wpress.ca.infn.it\/wp-content\/uploads\/2022\/03\/Atomisti.png\" data-link=\"https:\/\/wpress.ca.infn.it\/?attachment_id=3332\" class=\"wp-image-3332\" srcset=\"https:\/\/wpress.ca.infn.it\/wp-content\/uploads\/2022\/03\/Atomisti-1024x527.png 1024w, https:\/\/wpress.ca.infn.it\/wp-content\/uploads\/2022\/03\/Atomisti-300x154.png 300w, https:\/\/wpress.ca.infn.it\/wp-content\/uploads\/2022\/03\/Atomisti-768x395.png 768w, https:\/\/wpress.ca.infn.it\/wp-content\/uploads\/2022\/03\/Atomisti-1536x790.png 1536w, https:\/\/wpress.ca.infn.it\/wp-content\/uploads\/2022\/03\/Atomisti-2048x1054.png 2048w\" sizes=\"(max-width: 1024px) 100vw, 1024px\" \/><figcaption class=\"blocks-gallery-item__caption\">Uno sguardo oltre il visibile, di Fabrizio Soddu, Lorenzo Bellavia, Luca Gostinicchi<\/figcaption><\/figure><\/li><li class=\"blocks-gallery-item\"><figure><img loading=\"lazy\" width=\"512\" height=\"512\" src=\"https:\/\/wpress.ca.infn.it\/wp-content\/uploads\/2022\/03\/claudiatuveriNUORO.jpg\" alt=\"\" data-id=\"3333\" data-full-url=\"https:\/\/wpress.ca.infn.it\/wp-content\/uploads\/2022\/03\/claudiatuveriNUORO.jpg\" data-link=\"https:\/\/wpress.ca.infn.it\/?attachment_id=3333\" class=\"wp-image-3333\" srcset=\"https:\/\/wpress.ca.infn.it\/wp-content\/uploads\/2022\/03\/claudiatuveriNUORO.jpg 512w, https:\/\/wpress.ca.infn.it\/wp-content\/uploads\/2022\/03\/claudiatuveriNUORO-300x300.jpg 300w, https:\/\/wpress.ca.infn.it\/wp-content\/uploads\/2022\/03\/claudiatuveriNUORO-150x150.jpg 150w\" sizes=\"(max-width: 512px) 100vw, 512px\" \/><figcaption class=\"blocks-gallery-item__caption\">La bellezza nel cammino, di Claudia Tuveri, Chiara Mazzette, Gabriele Mastia<\/figcaption><\/figure><\/li><li class=\"blocks-gallery-item\"><figure><img loading=\"lazy\" width=\"1024\" height=\"705\" src=\"https:\/\/wpress.ca.infn.it\/wp-content\/uploads\/2022\/03\/giancarloasaraTEMPIO1-1024x705.jpg\" alt=\"\" data-id=\"3334\" data-full-url=\"https:\/\/wpress.ca.infn.it\/wp-content\/uploads\/2022\/03\/giancarloasaraTEMPIO1-scaled.jpg\" data-link=\"https:\/\/wpress.ca.infn.it\/?attachment_id=3334\" class=\"wp-image-3334\" srcset=\"https:\/\/wpress.ca.infn.it\/wp-content\/uploads\/2022\/03\/giancarloasaraTEMPIO1-1024x705.jpg 1024w, https:\/\/wpress.ca.infn.it\/wp-content\/uploads\/2022\/03\/giancarloasaraTEMPIO1-300x207.jpg 300w, https:\/\/wpress.ca.infn.it\/wp-content\/uploads\/2022\/03\/giancarloasaraTEMPIO1-768x529.jpg 768w, https:\/\/wpress.ca.infn.it\/wp-content\/uploads\/2022\/03\/giancarloasaraTEMPIO1-1536x1058.jpg 1536w, https:\/\/wpress.ca.infn.it\/wp-content\/uploads\/2022\/03\/giancarloasaraTEMPIO1-2048x1411.jpg 2048w\" sizes=\"(max-width: 1024px) 100vw, 1024px\" \/><figcaption class=\"blocks-gallery-item__caption\">La flora di Avalon di <meta charset=\"utf-8\"><li>Gian Carlo Asara, Francesco di Giacomo, Daniele Cataldo<\/li><\/figcaption><\/figure><\/li><li class=\"blocks-gallery-item\"><figure><img loading=\"lazy\" width=\"768\" height=\"1024\" src=\"https:\/\/wpress.ca.infn.it\/wp-content\/uploads\/2022\/03\/IMG_2458-15.42.28-768x1024.jpg\" alt=\"\" data-id=\"3335\" data-full-url=\"https:\/\/wpress.ca.infn.it\/wp-content\/uploads\/2022\/03\/IMG_2458-15.42.28-rotated.jpg\" data-link=\"https:\/\/wpress.ca.infn.it\/?attachment_id=3335\" class=\"wp-image-3335\" srcset=\"https:\/\/wpress.ca.infn.it\/wp-content\/uploads\/2022\/03\/IMG_2458-15.42.28-768x1024.jpg 768w, https:\/\/wpress.ca.infn.it\/wp-content\/uploads\/2022\/03\/IMG_2458-15.42.28-225x300.jpg 225w, https:\/\/wpress.ca.infn.it\/wp-content\/uploads\/2022\/03\/IMG_2458-15.42.28-1152x1536.jpg 1152w, https:\/\/wpress.ca.infn.it\/wp-content\/uploads\/2022\/03\/IMG_2458-15.42.28-rotated.jpg 1224w\" sizes=\"(max-width: 768px) 100vw, 768px\" \/><figcaption class=\"blocks-gallery-item__caption\">Il DNA nell&#8217;arte di <meta charset=\"utf-8\"><li>Mara Pitzolu, Daniele Addis, Francesco Masu<\/li><\/figcaption><\/figure><\/li><li class=\"blocks-gallery-item\"><figure><img loading=\"lazy\" width=\"1024\" height=\"768\" src=\"https:\/\/wpress.ca.infn.it\/wp-content\/uploads\/2022\/03\/IMG_5246-1024x768.jpg\" alt=\"\" data-id=\"3336\" data-full-url=\"https:\/\/wpress.ca.infn.it\/wp-content\/uploads\/2022\/03\/IMG_5246-scaled.jpg\" data-link=\"https:\/\/wpress.ca.infn.it\/?attachment_id=3336\" class=\"wp-image-3336\" srcset=\"https:\/\/wpress.ca.infn.it\/wp-content\/uploads\/2022\/03\/IMG_5246-1024x768.jpg 1024w, https:\/\/wpress.ca.infn.it\/wp-content\/uploads\/2022\/03\/IMG_5246-300x225.jpg 300w, https:\/\/wpress.ca.infn.it\/wp-content\/uploads\/2022\/03\/IMG_5246-768x576.jpg 768w, https:\/\/wpress.ca.infn.it\/wp-content\/uploads\/2022\/03\/IMG_5246-1536x1152.jpg 1536w, https:\/\/wpress.ca.infn.it\/wp-content\/uploads\/2022\/03\/IMG_5246-2048x1536.jpg 2048w\" sizes=\"(max-width: 1024px) 100vw, 1024px\" \/><figcaption class=\"blocks-gallery-item__caption\"><meta charset=\"utf-8\"><li>Il tempo di(sco)sto(rre)rto di Giovanna Corraine, Margherita Pisanu, Giovanni Curreli <\/li><\/figcaption><\/figure><\/li><li class=\"blocks-gallery-item\"><figure><img loading=\"lazy\" width=\"539\" height=\"1024\" src=\"https:\/\/wpress.ca.infn.it\/wp-content\/uploads\/2022\/03\/IMG-20220202-WA0065-15.42.28-539x1024.jpg\" alt=\"\" data-id=\"3337\" data-full-url=\"https:\/\/wpress.ca.infn.it\/wp-content\/uploads\/2022\/03\/IMG-20220202-WA0065-15.42.28.jpg\" data-link=\"https:\/\/wpress.ca.infn.it\/?attachment_id=3337\" class=\"wp-image-3337\" srcset=\"https:\/\/wpress.ca.infn.it\/wp-content\/uploads\/2022\/03\/IMG-20220202-WA0065-15.42.28-539x1024.jpg 539w, https:\/\/wpress.ca.infn.it\/wp-content\/uploads\/2022\/03\/IMG-20220202-WA0065-15.42.28-158x300.jpg 158w, https:\/\/wpress.ca.infn.it\/wp-content\/uploads\/2022\/03\/IMG-20220202-WA0065-15.42.28-768x1459.jpg 768w, https:\/\/wpress.ca.infn.it\/wp-content\/uploads\/2022\/03\/IMG-20220202-WA0065-15.42.28-808x1536.jpg 808w, https:\/\/wpress.ca.infn.it\/wp-content\/uploads\/2022\/03\/IMG-20220202-WA0065-15.42.28.jpg 842w\" sizes=\"(max-width: 539px) 100vw, 539px\" \/><figcaption class=\"blocks-gallery-item__caption\"><meta charset=\"utf-8\"><li>Lampi di Umanit\u00e0, di Pietro Falconi, Alessandro Canu, Francesco Podda <\/li><\/figcaption><\/figure><\/li><li class=\"blocks-gallery-item\"><figure><img loading=\"lazy\" width=\"989\" height=\"1024\" src=\"https:\/\/wpress.ca.infn.it\/wp-content\/uploads\/2022\/03\/MargheritaScanuTEMPIO.-15.42.35-989x1024.jpg\" alt=\"\" data-id=\"3338\" data-full-url=\"https:\/\/wpress.ca.infn.it\/wp-content\/uploads\/2022\/03\/MargheritaScanuTEMPIO.-15.42.35.jpg\" data-link=\"https:\/\/wpress.ca.infn.it\/?attachment_id=3338\" class=\"wp-image-3338\" srcset=\"https:\/\/wpress.ca.infn.it\/wp-content\/uploads\/2022\/03\/MargheritaScanuTEMPIO.-15.42.35-989x1024.jpg 989w, https:\/\/wpress.ca.infn.it\/wp-content\/uploads\/2022\/03\/MargheritaScanuTEMPIO.-15.42.35-290x300.jpg 290w, https:\/\/wpress.ca.infn.it\/wp-content\/uploads\/2022\/03\/MargheritaScanuTEMPIO.-15.42.35-768x795.jpg 768w, https:\/\/wpress.ca.infn.it\/wp-content\/uploads\/2022\/03\/MargheritaScanuTEMPIO.-15.42.35-1484x1536.jpg 1484w, https:\/\/wpress.ca.infn.it\/wp-content\/uploads\/2022\/03\/MargheritaScanuTEMPIO.-15.42.35.jpg 1546w\" sizes=\"(max-width: 989px) 100vw, 989px\" \/><figcaption class=\"blocks-gallery-item__caption\"><meta charset=\"utf-8\"><li>Filo di luce, di Margherita Scanu e Valentina Mele<\/li><\/figcaption><\/figure><\/li><\/ul><\/figure>\n\n\n\n<p>La giornata conclusiva della mostra ha ospitato anche l&#8217;evento di premiazione delle migliori 3 opere in concorso. Durante l&#8217;evento, tanta divulgazione scientifica con l&#8217;intervento teatrale di <strong>Alice Mulliri<\/strong> (dottoranda Universit\u00e0 di Cagliari e INFN Cagliari) che ha raccontato la radioattivit\u00e0 naturale nei panni di Marie Curie. C&#8217;\u00e8 stato anche lo spazio per l&#8217;attualit\u00e0 e il <strong>connubio fra territorio e ricerca<\/strong>, in particolare fra territorio nuorese e <strong>Einstein Telescope<\/strong>, con gli interventi del direttore INFN Cagliari, <strong>Alberto Masoni<\/strong>, e il sindaco di Nuoro, <strong>Andrea Soddu<\/strong>, che hanno portato i loro saluti istituzionali al pubblico in sala.  <\/p>\n\n\n\n<p><\/p>\n\n\n\n<p>Una giuria qualificata composta da <strong>Viviana Fanti<\/strong> (fisica, ricercatrice dell&#8217;Universit\u00e0 di Cagliari e INFN Cagliari), <strong>Alessia Zurru<\/strong> (biologa, comunicatrice e divulgatrice scientifica, Associazione Laboratorio Scienza), <strong>Simona Campus<\/strong> (storica dell&#8217;arte, ricercatrice dell&#8217;Universit\u00e0 di Cagliari), <strong>Marco Moledda<\/strong> (economista, operatore culturale e direttore presso Teatro Eliseo Nuoro) e <strong>Mariantonietta Piga<\/strong> (giornalista) ha decretato le 3 migliori opere sarde che andranno alla mostra nazionale presso il Museo Archeologico di Napoli: <\/p>\n\n\n\n<ul><li>1\u00b0 posto: <strong>Guardare dentro l\u2019anomalia (la foto(radio)grafia come sguardo oltre il visibile)<\/strong><\/li><li>2\u00b0 posto: <strong>Lampi di Umanit\u00e0<\/strong><\/li><li>3\u00b0 posto: <strong>Il DNA nell&#8217;arte<\/strong><\/li><li>menzione speciale: <strong>La flora di Avalon<\/strong><\/li><\/ul>\n\n\n\n<p><\/p>\n<\/div>\n<\/div>\n<\/div><\/div>\n<\/div>\n<\/div>\n\n\n\n<figure class=\"wp-block-gallery columns-3 is-cropped\"><ul class=\"blocks-gallery-grid\"><li class=\"blocks-gallery-item\"><figure><img loading=\"lazy\" width=\"1024\" height=\"772\" src=\"https:\/\/wpress.ca.infn.it\/wp-content\/uploads\/2022\/03\/7FB4FDCD-B16B-42B0-BA81-41C6CC229A8B-1024x772.jpg\" alt=\"\" data-id=\"3340\" data-link=\"https:\/\/wpress.ca.infn.it\/?attachment_id=3340\" class=\"wp-image-3340\" srcset=\"https:\/\/wpress.ca.infn.it\/wp-content\/uploads\/2022\/03\/7FB4FDCD-B16B-42B0-BA81-41C6CC229A8B-1024x772.jpg 1024w, https:\/\/wpress.ca.infn.it\/wp-content\/uploads\/2022\/03\/7FB4FDCD-B16B-42B0-BA81-41C6CC229A8B-300x226.jpg 300w, https:\/\/wpress.ca.infn.it\/wp-content\/uploads\/2022\/03\/7FB4FDCD-B16B-42B0-BA81-41C6CC229A8B-768x579.jpg 768w, https:\/\/wpress.ca.infn.it\/wp-content\/uploads\/2022\/03\/7FB4FDCD-B16B-42B0-BA81-41C6CC229A8B.jpg 1440w\" sizes=\"(max-width: 1024px) 100vw, 1024px\" \/><figcaption class=\"blocks-gallery-item__caption\">1\u00b0 posto<\/figcaption><\/figure><\/li><li class=\"blocks-gallery-item\"><figure><img loading=\"lazy\" width=\"1024\" height=\"772\" src=\"https:\/\/wpress.ca.infn.it\/wp-content\/uploads\/2022\/03\/2CD2BB76-4A02-4FC0-A856-AADE5CBF37AF-1024x772.jpg\" alt=\"\" data-id=\"3339\" data-link=\"https:\/\/wpress.ca.infn.it\/?attachment_id=3339\" class=\"wp-image-3339\" srcset=\"https:\/\/wpress.ca.infn.it\/wp-content\/uploads\/2022\/03\/2CD2BB76-4A02-4FC0-A856-AADE5CBF37AF-1024x772.jpg 1024w, https:\/\/wpress.ca.infn.it\/wp-content\/uploads\/2022\/03\/2CD2BB76-4A02-4FC0-A856-AADE5CBF37AF-300x226.jpg 300w, https:\/\/wpress.ca.infn.it\/wp-content\/uploads\/2022\/03\/2CD2BB76-4A02-4FC0-A856-AADE5CBF37AF-768x579.jpg 768w, https:\/\/wpress.ca.infn.it\/wp-content\/uploads\/2022\/03\/2CD2BB76-4A02-4FC0-A856-AADE5CBF37AF.jpg 1440w\" sizes=\"(max-width: 1024px) 100vw, 1024px\" \/><figcaption class=\"blocks-gallery-item__caption\">2\u00b0 posto<\/figcaption><\/figure><\/li><li class=\"blocks-gallery-item\"><figure><img loading=\"lazy\" width=\"1024\" height=\"772\" src=\"https:\/\/wpress.ca.infn.it\/wp-content\/uploads\/2022\/03\/59EB2988-2201-4F52-8B8A-3C5CBE65911E-1024x772.jpg\" alt=\"\" data-id=\"3341\" data-link=\"https:\/\/wpress.ca.infn.it\/?attachment_id=3341\" class=\"wp-image-3341\" srcset=\"https:\/\/wpress.ca.infn.it\/wp-content\/uploads\/2022\/03\/59EB2988-2201-4F52-8B8A-3C5CBE65911E-1024x772.jpg 1024w, https:\/\/wpress.ca.infn.it\/wp-content\/uploads\/2022\/03\/59EB2988-2201-4F52-8B8A-3C5CBE65911E-300x226.jpg 300w, https:\/\/wpress.ca.infn.it\/wp-content\/uploads\/2022\/03\/59EB2988-2201-4F52-8B8A-3C5CBE65911E-768x579.jpg 768w, https:\/\/wpress.ca.infn.it\/wp-content\/uploads\/2022\/03\/59EB2988-2201-4F52-8B8A-3C5CBE65911E.jpg 1440w\" sizes=\"(max-width: 1024px) 100vw, 1024px\" \/><figcaption class=\"blocks-gallery-item__caption\">3\u00b0 posto<\/figcaption><\/figure><\/li><\/ul><\/figure>\n","protected":false},"excerpt":{"rendered":"<p>\u00c8 partita la terza edizione di Art&amp;Science Across Italy, il progetto di divulgazione della scienza attraverso il linguaggio dell&#8217;arte. Il progetto \u201cArt&amp;Science Across Italy\u201d \u00e8 organizzato dall\u2019 Istituto Nazionale di Fisica Nucleare e dal CERN di Ginevra e fa parte del network Europeo CREATIONS (H2020). Lo scopo principale di Art&amp;Science \u00e8 quello di avvicinare tutti [&hellip;]<\/p>\n","protected":false},"author":6,"featured_media":0,"parent":0,"menu_order":0,"comment_status":"closed","ping_status":"closed","template":"","meta":{"_editorskit_title_hidden":false,"_editorskit_reading_time":4,"_editorskit_is_block_options_detached":false,"_editorskit_block_options_position":"{}"},"_links":{"self":[{"href":"https:\/\/wpress.ca.infn.it\/index.php?rest_route=\/wp\/v2\/pages\/2925"}],"collection":[{"href":"https:\/\/wpress.ca.infn.it\/index.php?rest_route=\/wp\/v2\/pages"}],"about":[{"href":"https:\/\/wpress.ca.infn.it\/index.php?rest_route=\/wp\/v2\/types\/page"}],"author":[{"embeddable":true,"href":"https:\/\/wpress.ca.infn.it\/index.php?rest_route=\/wp\/v2\/users\/6"}],"replies":[{"embeddable":true,"href":"https:\/\/wpress.ca.infn.it\/index.php?rest_route=%2Fwp%2Fv2%2Fcomments&post=2925"}],"version-history":[{"count":6,"href":"https:\/\/wpress.ca.infn.it\/index.php?rest_route=\/wp\/v2\/pages\/2925\/revisions"}],"predecessor-version":[{"id":3346,"href":"https:\/\/wpress.ca.infn.it\/index.php?rest_route=\/wp\/v2\/pages\/2925\/revisions\/3346"}],"wp:attachment":[{"href":"https:\/\/wpress.ca.infn.it\/index.php?rest_route=%2Fwp%2Fv2%2Fmedia&parent=2925"}],"curies":[{"name":"wp","href":"https:\/\/api.w.org\/{rel}","templated":true}]}}