{"id":2920,"date":"2020-10-08T17:24:39","date_gmt":"2020-10-08T15:24:39","guid":{"rendered":"https:\/\/wpress.ca.infn.it\/?page_id=2920"},"modified":"2020-11-11T17:09:17","modified_gmt":"2020-11-11T16:09:17","slug":"masterclass-dark-side","status":"publish","type":"page","link":"https:\/\/wpress.ca.infn.it\/?page_id=2920","title":{"rendered":"Masterclass Dark Side"},"content":{"rendered":"\n<p><em>Al via la prima edizione della&nbsp;<strong>Masterclass ONLINE Dark Side.<\/strong><\/em><\/p>\n\n\n\n<figure class=\"wp-block-image size-large\"><img loading=\"lazy\" width=\"1000\" height=\"288\" src=\"https:\/\/wpress.ca.infn.it\/wp-content\/uploads\/2020\/10\/sitelogo1.jpg\" alt=\"\" class=\"wp-image-2921\" srcset=\"https:\/\/wpress.ca.infn.it\/wp-content\/uploads\/2020\/10\/sitelogo1.jpg 1000w, https:\/\/wpress.ca.infn.it\/wp-content\/uploads\/2020\/10\/sitelogo1-300x86.jpg 300w, https:\/\/wpress.ca.infn.it\/wp-content\/uploads\/2020\/10\/sitelogo1-768x221.jpg 768w\" sizes=\"(max-width: 1000px) 100vw, 1000px\" \/><\/figure>\n\n\n\n<p>Venerd\u00ec\u00a0<strong>30 Ottobre 2020 alle ore 15:30<\/strong> si \u00e8 svolto l&#8217;appuntamento delle <strong><a href=\"https:\/\/sites.google.com\/unisa.it\/darkside-masterclass\/home-page?authuser=0\" target=\"_blank\" rel=\"noreferrer noopener\">Masterclass di Dark Side<\/a><\/strong> con\u00a0gli\u00a0studenti dell\u2019ultimo biennio delle superiori per indagare il lato oscuro dell&#8217;universo, alla scoperta della\u00a0<strong>materia oscura e dell&#8217;esperimento <strong><a href=\"http:\/\/darkside.lngs.infn.it\/\">esperimento DARK SIDE<\/a>\u00a0dei Laboratori Nazionali del Gran Sasso<\/strong><\/strong>. <\/p>\n\n\n\n<p>La masterclass \u00e8 organizzata dalla&nbsp;<strong>Sezione&nbsp;di Cagliari dell\u2019Istituto Nazionale di Fisica Nucleare<\/strong>&nbsp;(INFN) in collaborazione con tutte le sedi INFN&nbsp;coinvolte&nbsp;nell&#8217;esperimento Dark Side e promosso localmente anche dal<strong>&nbsp;Piano&nbsp;Lauree Scientifiche di Fisica dell\u2019Universit\u00e0 di Cagliari<\/strong>. <\/p>\n\n\n\n<p>La masterclass si \u00e8 svolta in diretta web con la partecipazione di <strong>39 scuole<\/strong> e oltre <strong>460 studenti da 8 regioni italiane <\/strong>(Abruzzo, Calabria, Campania, Emilia-Romagna, Lazio, Marche, Sardegna, Toscana). I ricercatori coinvolti nell\u2019esperimento Dark Side, hanno tenuto due lezioni sulla materia oscura e sull\u2019esperimento Dark Side e hanno proposto una\u00a0<strong>esercitazione sulle tecniche di rilevazione<\/strong>\u00a0diretta della materia oscura. <\/p>\n\n\n\n<p>L&#8217;evento si \u00e8 concluder\u00e0 <strong>Mercoled\u00ec 12 Novembre <\/strong>con un incontro tra organizzatori e gli oltre <strong>340 studenti<\/strong> che hanno portato a termine l&#8217;esercitazione. Tra questi, saranno simbolicamente premiati anche i<strong> 6 migliori gruppi <\/strong>che si sono distinti per aver discusso nel modo migliore i risultati ottenuti durante l&#8217;esercitazione. <\/p>\n\n\n\n<div class=\"wp-block-image\"><figure class=\"aligncenter size-large is-resized\"><img loading=\"lazy\" src=\"https:\/\/wpress.ca.infn.it\/wp-content\/uploads\/2020\/10\/DMDlogorevised.png\" alt=\"\" class=\"wp-image-2922\" width=\"342\" height=\"163\" srcset=\"https:\/\/wpress.ca.infn.it\/wp-content\/uploads\/2020\/10\/DMDlogorevised.png 461w, https:\/\/wpress.ca.infn.it\/wp-content\/uploads\/2020\/10\/DMDlogorevised-300x143.png 300w\" sizes=\"(max-width: 342px) 100vw, 342px\" \/><\/figure><\/div>\n\n\n\n<p>L&#8217;evento \u00e8 inserito all&#8217;interno della programmazione italiana del <a rel=\"noreferrer noopener\" href=\"https:\/\/www.darkmatterday.com\/\" target=\"_blank\"><strong>dark matter day<\/strong><\/a>, la giornata mondiale dedicata alla materia oscura che si svolge in tutto il mondo il <strong>31 Ottobre<\/strong>.<\/p>\n\n\n\n<p>Di seguito trovate la locandina dell&#8217;evento.<\/p>\n\n\n\n<figure class=\"wp-block-image size-large\"><img loading=\"lazy\" width=\"709\" height=\"1024\" src=\"https:\/\/wpress.ca.infn.it\/wp-content\/uploads\/2020\/10\/Masterclass-DarkSide_locandina_last-1-709x1024.jpg\" alt=\"\" class=\"wp-image-2934\" srcset=\"https:\/\/wpress.ca.infn.it\/wp-content\/uploads\/2020\/10\/Masterclass-DarkSide_locandina_last-1-709x1024.jpg 709w, https:\/\/wpress.ca.infn.it\/wp-content\/uploads\/2020\/10\/Masterclass-DarkSide_locandina_last-1-208x300.jpg 208w, https:\/\/wpress.ca.infn.it\/wp-content\/uploads\/2020\/10\/Masterclass-DarkSide_locandina_last-1-768x1110.jpg 768w, https:\/\/wpress.ca.infn.it\/wp-content\/uploads\/2020\/10\/Masterclass-DarkSide_locandina_last-1-1063x1536.jpg 1063w, https:\/\/wpress.ca.infn.it\/wp-content\/uploads\/2020\/10\/Masterclass-DarkSide_locandina_last-1-1418x2048.jpg 1418w, https:\/\/wpress.ca.infn.it\/wp-content\/uploads\/2020\/10\/Masterclass-DarkSide_locandina_last-1.jpg 1500w\" sizes=\"(max-width: 709px) 100vw, 709px\" \/><\/figure>\n","protected":false},"excerpt":{"rendered":"<p>Al via la prima edizione della&nbsp;Masterclass ONLINE Dark Side. Venerd\u00ec\u00a030 Ottobre 2020 alle ore 15:30 si \u00e8 svolto l&#8217;appuntamento delle Masterclass di Dark Side con\u00a0gli\u00a0studenti dell\u2019ultimo biennio delle superiori per indagare il lato oscuro dell&#8217;universo, alla scoperta della\u00a0materia oscura e dell&#8217;esperimento esperimento DARK SIDE\u00a0dei Laboratori Nazionali del Gran Sasso. La masterclass \u00e8 organizzata dalla&nbsp;Sezione&nbsp;di Cagliari [&hellip;]<\/p>\n","protected":false},"author":6,"featured_media":0,"parent":0,"menu_order":0,"comment_status":"closed","ping_status":"closed","template":"","meta":{"_editorskit_title_hidden":false,"_editorskit_reading_time":0,"_editorskit_is_block_options_detached":false,"_editorskit_block_options_position":"{}"},"_links":{"self":[{"href":"https:\/\/wpress.ca.infn.it\/index.php?rest_route=\/wp\/v2\/pages\/2920"}],"collection":[{"href":"https:\/\/wpress.ca.infn.it\/index.php?rest_route=\/wp\/v2\/pages"}],"about":[{"href":"https:\/\/wpress.ca.infn.it\/index.php?rest_route=\/wp\/v2\/types\/page"}],"author":[{"embeddable":true,"href":"https:\/\/wpress.ca.infn.it\/index.php?rest_route=\/wp\/v2\/users\/6"}],"replies":[{"embeddable":true,"href":"https:\/\/wpress.ca.infn.it\/index.php?rest_route=%2Fwp%2Fv2%2Fcomments&post=2920"}],"version-history":[{"count":3,"href":"https:\/\/wpress.ca.infn.it\/index.php?rest_route=\/wp\/v2\/pages\/2920\/revisions"}],"predecessor-version":[{"id":2974,"href":"https:\/\/wpress.ca.infn.it\/index.php?rest_route=\/wp\/v2\/pages\/2920\/revisions\/2974"}],"wp:attachment":[{"href":"https:\/\/wpress.ca.infn.it\/index.php?rest_route=%2Fwp%2Fv2%2Fmedia&parent=2920"}],"curies":[{"name":"wp","href":"https:\/\/api.w.org\/{rel}","templated":true}]}}