{"id":2155,"date":"2019-06-28T12:22:09","date_gmt":"2019-06-28T10:22:09","guid":{"rendered":"https:\/\/wpress.ca.infn.it\/?page_id=2155"},"modified":"2021-05-27T16:06:09","modified_gmt":"2021-05-27T14:06:09","slug":"premio-asimov-2019","status":"publish","type":"page","link":"https:\/\/wpress.ca.infn.it\/?page_id=2155","title":{"rendered":"Premio Asimov"},"content":{"rendered":"\n<div class=\"wp-block-image\"><figure class=\"aligncenter size-large\"><img loading=\"lazy\" width=\"471\" height=\"166\" src=\"https:\/\/wpress.ca.infn.it\/wp-content\/uploads\/2021\/01\/PREMIO-ASIMOV_2021.png\" alt=\"\" class=\"wp-image-3032\" srcset=\"https:\/\/wpress.ca.infn.it\/wp-content\/uploads\/2021\/01\/PREMIO-ASIMOV_2021.png 471w, https:\/\/wpress.ca.infn.it\/wp-content\/uploads\/2021\/01\/PREMIO-ASIMOV_2021-300x106.png 300w\" sizes=\"(max-width: 471px) 100vw, 471px\" \/><\/figure><\/div>\n\n\n\n<div class=\"wp-block-group\"><div class=\"wp-block-group__inner-container\">\n<p>Torna anche quest anno il <a rel=\"noreferrer noopener\" aria-label=\"Premio Asimov (apre in una nuova scheda)\" href=\"https:\/\/www.premio-asimov.it\/\" target=\"_blank\">Premio Asimov<\/a>, il premio per la migliore <strong>editoria scientifica<\/strong>. <\/p>\n<\/div><\/div>\n\n\n\n<p>Giunto alla sua sesta edizione, il \u201cPremio Asimov per l&#8217;editoria scientifica divulgativa\u201d, \u00e8 ideato dal fisico Francesco Vissani dei Laboratori Nazionali del Gran Sasso dell&#8217;Istituto Nazionale di Fisica Nucleare (INFN) e si prefigge di avvicinare le giovani generazioni alla scienza attraverso la lettura di opere scientifiche di carattere divulgativo.<br>Il Premio \u00e8 organizzato e promosso dall&#8217;<strong>Istituto Nazionale di Fisica Nucleare<\/strong> e dal <strong>Gran Sasso Science Institute<\/strong> insieme con i Dipartimenti di Fisica e Scienze delle Universit\u00e0 di Bologna, Cagliari, Camerino, Catania, Napoli, Salento, il Centro Siciliano di Fisica Nucleare e Struttura della Materia; l&#8217;Associazione Librai Italiani (ALI); Deep Blue Consulting; TRIWU web TV; Salone Internazionale del Libro di Torino. \u00c8 patrocinato inoltre da numerose Istituzioni, tra cui la Societ\u00e0 Italiana di Fisica (SIF), l&#8217;Accademia dei Lincei, la Societ\u00e0 Italiana di Relativit\u00e0 Generale e Fisica della Gravitazione (SIGRAV), il CRS4 Centro di Ricerca, Sviluppo e Studi Superiori in Sardegna.<\/p>\n\n\n\n<h2 class=\"has-medium-font-size\">Cerimonia finale edizione 2021<\/h2>\n\n\n\n<p>La sesta edizione \u00e8 giunta al termine. La premiazione finale si terr\u00e0 sabato 29 Maggio alle ore 16:00 sul <a rel=\"noreferrer noopener\" href=\"https:\/\/www.youtube.com\/c\/PremioAsimov\/videos\" target=\"_blank\">canale Youtube del Premio Asimov<\/a>. <\/p>\n\n\n\n<p>Verranno annunciati il libro vincitore e le migliori recensioni di studenti e studentesse che hanno partecipato al Premio. <\/p>\n\n\n\n<h3>EDIZIONE 2021<\/h3>\n\n\n\n<p>Alla sesta edizione del premio parteciperanno scuole di 15 regioni italiane:<br>Abruzzo, Basilicata, Calabria, Campania, Emilia-Romagna, Lazio, Lombardia, Marche, Molise, Piemonte, Puglia, Sardegna, Sicilia, Toscana, Umbria.<\/p>\n\n\n\n<p><strong>Gli studenti che vogliono far parte della giuria devono iscriversi al database entro il 7 febbraio 2021. Per iscriversi cliccare<\/strong>&nbsp;<strong><em><a href=\"https:\/\/asimov.ca.infn.it\/asimov\/registrazione_studente.php\" target=\"_blank\" rel=\"noreferrer noopener\">qui<\/a><\/em><\/strong>.<\/p>\n\n\n\n<p>Per qualsiasi informazione sullo svolgimento del premio, consultare il&nbsp;<a rel=\"noreferrer noopener\" href=\"https:\/\/www.premio-asimov.it\/regolamento\/\" target=\"_blank\"><strong>regolamento<\/strong><\/a>. Se hai bisogno di pi\u00f9 informazioni sulle modalit\u00e0 di partecipazione contatta il coordinatore della&nbsp;<a href=\"https:\/\/www.premio-asimov.it\/commissione-scientifica\/\">Commissione Scientifica<\/a>&nbsp;per la tua regione. <\/p>\n\n\n\n<p>La proclamazione dell\u2019autore\/autrice del libro vincitore avr\u00e0 luogo nel corso delle&nbsp;<strong>cerimonie regionali<\/strong>&nbsp;conclusive che si svolgeranno&nbsp;<strong>sabato 17 aprile 2021<\/strong>, in contemporanea, nelle sedi indicate dalle CSR. L\u2019iniziativa si concluder\u00e0 nell\u2019autunno 2021, con un incontro nazionale tra l\u2019autore del libro vincitore del premio ASIMOV e gli studenti autori delle migliori recensioni.<\/p>\n\n\n\n<p>La scorsa edizione ha visto la partecipazione di oltre 4000 studenti provenienti da pi\u00f9 di 100 scuole in 13 regioni italiane.<br>Il premio ASIMOV 202o \u00e8 stato assegnato a Hannah Fry per il libro \u201cHello World\u201d, edizioni Bollati Boringhieri. L\u2019autore \u00e8 stato premiato in un evento speciale svoltosi online nel&nbsp;<a href=\"https:\/\/www.youtube.com\/channel\/UCfmkKjkj4KSeWrOWVM3RQ0A\" target=\"_blank\" rel=\"noreferrer noopener\">canale Youtube del premio<\/a>.<\/p>\n\n\n\n<h3>I LIBRI FINALISTI 2021<\/h3>\n\n\n\n<figure class=\"wp-block-image size-large\"><img loading=\"lazy\" width=\"1024\" height=\"390\" src=\"https:\/\/wpress.ca.infn.it\/wp-content\/uploads\/2021\/01\/5-LIBRI-FINALISTI-1024x390.png\" alt=\"\" class=\"wp-image-3033\" srcset=\"https:\/\/wpress.ca.infn.it\/wp-content\/uploads\/2021\/01\/5-LIBRI-FINALISTI-1024x390.png 1024w, https:\/\/wpress.ca.infn.it\/wp-content\/uploads\/2021\/01\/5-LIBRI-FINALISTI-300x114.png 300w, https:\/\/wpress.ca.infn.it\/wp-content\/uploads\/2021\/01\/5-LIBRI-FINALISTI-768x292.png 768w, https:\/\/wpress.ca.infn.it\/wp-content\/uploads\/2021\/01\/5-LIBRI-FINALISTI-1536x584.png 1536w, https:\/\/wpress.ca.infn.it\/wp-content\/uploads\/2021\/01\/5-LIBRI-FINALISTI-2048x779.png 2048w\" sizes=\"(max-width: 1024px) 100vw, 1024px\" \/><\/figure>\n\n\n\n<p><strong>\u201c<a href=\"https:\/\/www.premio-asimov.it\/biblioteca\/lalbero-intricato\/\" target=\"_blank\" rel=\"noreferrer noopener\">L\u2019albero intricato<\/a>\u201d&nbsp;<\/strong>di&nbsp;<strong>David Quammen<\/strong>, edito da Adelphi<\/p>\n\n\n\n<p>\u201c<a href=\"https:\/\/www.premio-asimov.it\/biblioteca\/lultimo-sapiens-%E2%80%A6la-nostra-specie\/\" target=\"_blank\" rel=\"noreferrer noopener\"><strong>L\u2019ultimo Sapiens. Viaggio al centro della nostra specie<\/strong><\/a>\u201d di&nbsp;<strong>Gianfranco Pacchioni<\/strong>, edito da Il Mulino<\/p>\n\n\n\n<p><strong>\u201c<a href=\"https:\/\/www.premio-asimov.it\/biblioteca\/la-natura-geniale\/\" target=\"_blank\" rel=\"noreferrer noopener\">La natura geniale. Come e perch\u00e9 le piante cambieranno (e salveranno) il nostro pianeta<\/a>\u201c<\/strong>&nbsp;di&nbsp;<strong>Barbara Mazzolai<\/strong>, edito da Longanesi<\/p>\n\n\n\n<p>\u201c<a href=\"https:\/\/www.premio-asimov.it\/biblioteca\/lultimo-orizzonte\/\" target=\"_blank\" rel=\"noreferrer noopener\"><strong>L\u2019ultimo orizzonte. Cosa sappiamo dell\u2019universo<\/strong><\/a>\u201d di&nbsp;<strong>Amedeo Balbi<\/strong>, edito da Utet Libri<\/p>\n\n\n\n<p>\u201c<a href=\"https:\/\/www.premio-asimov.it\/biblioteca\/imperfezione\/\" target=\"_blank\" rel=\"noreferrer noopener\"><strong>Imperfezione. Una storia naturale<\/strong><\/a>\u201d di&nbsp;<strong>Telmo Pievani<\/strong>, edito da Raffaello Cortina<\/p>\n\n\n\n<h3><strong>PASSATE EDIZIONI<\/strong><\/h3>\n\n\n\n<p><a href=\"https:\/\/wpress.ca.infn.it\/?p=3029\" target=\"_blank\" rel=\"noreferrer noopener\">2020<\/a><br><a rel=\"noreferrer noopener\" aria-label=\" (opens in a new tab)\" href=\"https:\/\/wpress.ca.infn.it\/?p=2456\" target=\"_blank\">2019<\/a><br><a rel=\"noreferrer noopener\" aria-label=\"2018 (apre in una nuova scheda)\" href=\"https:\/\/wpress.ca.infn.it\/?page_id=706\" target=\"_blank\">2018<\/a><\/p>\n","protected":false},"excerpt":{"rendered":"<p>Giunto alla sua sesta edizione, il \u201cPremio Asimov per l&#8217;editoria scientifica divulgativa\u201d, \u00e8 ideato dal fisico Francesco Vissani dei Laboratori Nazionali del Gran Sasso dell&#8217;Istituto Nazionale di Fisica Nucleare (INFN) e si prefigge di avvicinare le giovani generazioni alla scienza attraverso la lettura di opere scientifiche di carattere divulgativo.Il Premio \u00e8 organizzato e promosso dall&#8217;Istituto [&hellip;]<\/p>\n","protected":false},"author":6,"featured_media":0,"parent":0,"menu_order":0,"comment_status":"closed","ping_status":"closed","template":"","meta":{"_editorskit_title_hidden":false,"_editorskit_reading_time":0,"_editorskit_is_block_options_detached":false,"_editorskit_block_options_position":"{}"},"_links":{"self":[{"href":"https:\/\/wpress.ca.infn.it\/index.php?rest_route=\/wp\/v2\/pages\/2155"}],"collection":[{"href":"https:\/\/wpress.ca.infn.it\/index.php?rest_route=\/wp\/v2\/pages"}],"about":[{"href":"https:\/\/wpress.ca.infn.it\/index.php?rest_route=\/wp\/v2\/types\/page"}],"author":[{"embeddable":true,"href":"https:\/\/wpress.ca.infn.it\/index.php?rest_route=\/wp\/v2\/users\/6"}],"replies":[{"embeddable":true,"href":"https:\/\/wpress.ca.infn.it\/index.php?rest_route=%2Fwp%2Fv2%2Fcomments&post=2155"}],"version-history":[{"count":11,"href":"https:\/\/wpress.ca.infn.it\/index.php?rest_route=\/wp\/v2\/pages\/2155\/revisions"}],"predecessor-version":[{"id":3097,"href":"https:\/\/wpress.ca.infn.it\/index.php?rest_route=\/wp\/v2\/pages\/2155\/revisions\/3097"}],"wp:attachment":[{"href":"https:\/\/wpress.ca.infn.it\/index.php?rest_route=%2Fwp%2Fv2%2Fmedia&parent=2155"}],"curies":[{"name":"wp","href":"https:\/\/api.w.org\/{rel}","templated":true}]}}